{"id":11,"date":"2023-11-10T22:12:39","date_gmt":"2023-11-10T22:12:39","guid":{"rendered":"https:\/\/passioncatering.com.uy\/?page_id=11"},"modified":"2024-01-02T14:43:34","modified_gmt":"2024-01-02T14:43:34","slug":"nosotros","status":"publish","type":"page","link":"https:\/\/passioncatering.com.uy\/?page_id=11","title":{"rendered":"NOSOTROS"},"content":{"rendered":"\t\t<div data-elementor-type=\"wp-page\" data-elementor-id=\"11\" class=\"elementor elementor-11\">\n\t\t\t\t<div class=\"elementor-element elementor-element-6c469da e-flex e-con-boxed e-con e-parent\" data-id=\"6c469da\" data-element_type=\"container\" data-e-type=\"container\">\n\t\t\t\t\t<div class=\"e-con-inner\">\n\t\t<div class=\"elementor-element elementor-element-d9f261f e-con-full e-flex e-con e-child\" data-id=\"d9f261f\" data-element_type=\"container\" data-e-type=\"container\">\n\t\t\t\t<div class=\"elementor-element elementor-element-7835375 elementor-widget elementor-widget-heading\" data-id=\"7835375\" data-element_type=\"widget\" data-e-type=\"widget\" data-widget_type=\"heading.default\">\n\t\t\t\t<div class=\"elementor-widget-container\">\n\t\t\t\t\t<h2 class=\"elementor-heading-title elementor-size-xxl\">SOMOS...\n<\/h2>\t\t\t\t<\/div>\n\t\t\t\t<\/div>\n\t\t\t\t<div class=\"elementor-element elementor-element-be63539 elementor-widget elementor-widget-text-editor\" data-id=\"be63539\" data-element_type=\"widget\" data-e-type=\"widget\" data-widget_type=\"text-editor.default\">\n\t\t\t\t<div class=\"elementor-widget-container\">\n\t\t\t\t\t\t\t\t\t<p class=\"cvGsUA direction-ltr align-justify para-style-body\"><span class=\"OYPEnA text-decoration-none text-strikethrough-none\">Dos enamorados de la gastronom\u00eda, desde diferentes \u00e1mbitos, los que nos resulta en una conjunci\u00f3n perfecta de creatividad, impulso y ambici\u00f3n por la excelencia en los eventos, sin importar el n\u00famero de personas.<\/span><\/p><p class=\"cvGsUA direction-ltr align-justify para-style-body\"><span class=\"OYPEnA text-decoration-none text-strikethrough-none\">Yo, soy \u00c1lvaro Mart\u00ednez, Chef del Conrad, Boca Chica Puerto, News Caf\u00e9, Scarlett, Viraz\u00f3n, Centro de Convenciones de Punta del Este e incontables eventos, fiestas, bodas (de muchas celebridades) cumplea\u00f1os, aniversarios conferencias, (alguna superaron las cuatro mil personas&#8230;) Me encanta personalizar la comida de acuerdo al anfitri\u00f3n, el lugar, la tem\u00e1tica, para que cada evento sea \u00fanico y recordado.<\/span><\/p><p class=\"cvGsUA direction-ltr align-justify para-style-body\"><span class=\"OYPEnA text-decoration-none text-strikethrough-none\">Y yo, soy Sandra Diaz, Licenciada en Marketing, arribada <br \/><\/span><span class=\"OYPEnA text-decoration-none text-strikethrough-none\">a Maldonado por amor (que otra raz\u00f3n m\u00e1s poderosa) <br \/>y muchas ganas de emprender, hacer de mi hobbie preferido, la pasteler\u00eda, mi pr\u00f3xima ocupaci\u00f3n.<\/span><\/p><p class=\"cvGsUA direction-ltr align-justify para-style-body\"><span class=\"OYPEnA text-decoration-none text-strikethrough-none\">De este binomio muy distinto y con el mismo amor por <br \/>la cocina, nace Passion Catering Boutique\u2026 Boutique por nuestra cocina para eventos peque\u00f1os y elegantes.<\/span><\/p>\t\t\t\t\t\t\t\t<\/div>\n\t\t\t\t<\/div>\n\t\t\t\t<\/div>\n\t\t<div class=\"elementor-element elementor-element-18dcf55 e-con-full e-flex e-con e-child\" data-id=\"18dcf55\" data-element_type=\"container\" data-e-type=\"container\">\n\t\t\t\t<div class=\"elementor-element elementor-element-8b6b056 elementor-widget elementor-widget-image\" data-id=\"8b6b056\" data-element_type=\"widget\" data-e-type=\"widget\" data-widget_type=\"image.default\">\n\t\t\t\t<div class=\"elementor-widget-container\">\n\t\t\t\t\t\t\t\t\t\t\t\t\t\t\t<img fetchpriority=\"high\" decoding=\"async\" width=\"750\" height=\"750\" src=\"https:\/\/passioncatering.com.uy\/wp-content\/uploads\/2023\/11\/somos2.png\" class=\"attachment-large size-large wp-image-174\" alt=\"\" srcset=\"https:\/\/passioncatering.com.uy\/wp-content\/uploads\/2023\/11\/somos2.png 750w, https:\/\/passioncatering.com.uy\/wp-content\/uploads\/2023\/11\/somos2-300x300.png 300w, https:\/\/passioncatering.com.uy\/wp-content\/uploads\/2023\/11\/somos2-150x150.png 150w\" sizes=\"(max-width: 750px) 100vw, 750px\" \/>\t\t\t\t\t\t\t\t\t\t\t\t\t\t\t<\/div>\n\t\t\t\t<\/div>\n\t\t\t\t<div class=\"elementor-element elementor-element-7f2db23 elementor-align-center elementor-widget elementor-widget-button\" data-id=\"7f2db23\" data-element_type=\"widget\" data-e-type=\"widget\" data-widget_type=\"button.default\">\n\t\t\t\t<div class=\"elementor-widget-container\">\n\t\t\t\t\t\t\t\t\t<div class=\"elementor-button-wrapper\">\n\t\t\t\t\t<a class=\"elementor-button elementor-button-link elementor-size-md\" href=\"https:\/\/www.facebook.com\/profile.php?id=100063805180592\">\n\t\t\t\t\t\t<span class=\"elementor-button-content-wrapper\">\n\t\t\t\t\t\t\t\t\t<span class=\"elementor-button-text\">CONOC\u00c9 LO QUE HACEMOS<\/span>\n\t\t\t\t\t<\/span>\n\t\t\t\t\t<\/a>\n\t\t\t\t<\/div>\n\t\t\t\t\t\t\t\t<\/div>\n\t\t\t\t<\/div>\n\t\t\t\t<\/div>\n\t\t\t\t\t<\/div>\n\t\t\t\t<\/div>\n\t\t\t\t<\/div>\n\t\t","protected":false},"excerpt":{"rendered":"<p>SOMOS&#8230; Dos enamorados de la gastronom\u00eda, desde diferentes \u00e1mbitos, los que nos resulta en una conjunci\u00f3n perfecta de creatividad, impulso y ambici\u00f3n por la excelencia en los eventos, sin importar el n\u00famero de personas. Yo, soy \u00c1lvaro Mart\u00ednez, Chef del Conrad, Boca Chica Puerto, News Caf\u00e9, Scarlett, Viraz\u00f3n, Centro de Convenciones de Punta del Este [&hellip;]<\/p>\n","protected":false},"author":1,"featured_media":0,"parent":14,"menu_order":1,"comment_status":"closed","ping_status":"closed","template":"elementor_header_footer","meta":{"_joinchat":[],"footnotes":""},"class_list":["post-11","page","type-page","status-publish","hentry"],"_links":{"self":[{"href":"https:\/\/passioncatering.com.uy\/index.php?rest_route=\/wp\/v2\/pages\/11","targetHints":{"allow":["GET"]}}],"collection":[{"href":"https:\/\/passioncatering.com.uy\/index.php?rest_route=\/wp\/v2\/pages"}],"about":[{"href":"https:\/\/passioncatering.com.uy\/index.php?rest_route=\/wp\/v2\/types\/page"}],"author":[{"embeddable":true,"href":"https:\/\/passioncatering.com.uy\/index.php?rest_route=\/wp\/v2\/users\/1"}],"replies":[{"embeddable":true,"href":"https:\/\/passioncatering.com.uy\/index.php?rest_route=%2Fwp%2Fv2%2Fcomments&post=11"}],"version-history":[{"count":8,"href":"https:\/\/passioncatering.com.uy\/index.php?rest_route=\/wp\/v2\/pages\/11\/revisions"}],"predecessor-version":[{"id":244,"href":"https:\/\/passioncatering.com.uy\/index.php?rest_route=\/wp\/v2\/pages\/11\/revisions\/244"}],"up":[{"embeddable":true,"href":"https:\/\/passioncatering.com.uy\/index.php?rest_route=\/wp\/v2\/pages\/14"}],"wp:attachment":[{"href":"https:\/\/passioncatering.com.uy\/index.php?rest_route=%2Fwp%2Fv2%2Fmedia&parent=11"}],"curies":[{"name":"wp","href":"https:\/\/api.w.org\/{rel}","templated":true}]}}

<div data-elementor-type="wp-page" data-elementor-id="11" class="elementor elementor-11">
				<div class="elementor-element elementor-element-6c469da e-flex e-con-boxed e-con e-parent" data-id="6c469da" data-element_type="container" data-e-type="container">
					<div class="e-con-inner">
		<div class="elementor-element elementor-element-d9f261f e-con-full e-flex e-con e-child" data-id="d9f261f" data-element_type="container" data-e-type="container">
				<div class="elementor-element elementor-element-7835375 elementor-widget elementor-widget-heading" data-id="7835375" data-element_type="widget" data-e-type="widget" data-widget_type="heading.default">
				<div class="elementor-widget-container">
					<h2 class="elementor-heading-title elementor-size-xxl">SOMOS...
</h2>				</div>
				</div>
				<div class="elementor-element elementor-element-be63539 elementor-widget elementor-widget-text-editor" data-id="be63539" data-element_type="widget" data-e-type="widget" data-widget_type="text-editor.default">
				<div class="elementor-widget-container">
									<p class="cvGsUA direction-ltr align-justify para-style-body"><span class="OYPEnA text-decoration-none text-strikethrough-none">Dos enamorados de la gastronomía, desde diferentes ámbitos, los que nos resulta en una conjunción perfecta de creatividad, impulso y ambición por la excelencia en los eventos, sin importar el número de personas.</span></p><p class="cvGsUA direction-ltr align-justify para-style-body"><span class="OYPEnA text-decoration-none text-strikethrough-none">Yo, soy Álvaro Martínez, Chef del Conrad, Boca Chica Puerto, News Café, Scarlett, Virazón, Centro de Convenciones de Punta del Este e incontables eventos, fiestas, bodas (de muchas celebridades) cumpleaños, aniversarios conferencias, (alguna superaron las cuatro mil personas&#8230;) Me encanta personalizar la comida de acuerdo al anfitrión, el lugar, la temática, para que cada evento sea único y recordado.</span></p><p class="cvGsUA direction-ltr align-justify para-style-body"><span class="OYPEnA text-decoration-none text-strikethrough-none">Y yo, soy Sandra Diaz, Licenciada en Marketing, arribada <br /></span><span class="OYPEnA text-decoration-none text-strikethrough-none">a Maldonado por amor (que otra razón más poderosa) <br />y muchas ganas de emprender, hacer de mi hobbie preferido, la pastelería, mi próxima ocupación.</span></p><p class="cvGsUA direction-ltr align-justify para-style-body"><span class="OYPEnA text-decoration-none text-strikethrough-none">De este binomio muy distinto y con el mismo amor por <br />la cocina, nace Passion Catering Boutique… Boutique por nuestra cocina para eventos pequeños y elegantes.</span></p>								</div>
				</div>
				</div>
		<div class="elementor-element elementor-element-18dcf55 e-con-full e-flex e-con e-child" data-id="18dcf55" data-element_type="container" data-e-type="container">
				<div class="elementor-element elementor-element-8b6b056 elementor-widget elementor-widget-image" data-id="8b6b056" data-element_type="widget" data-e-type="widget" data-widget_type="image.default">
				<div class="elementor-widget-container">
															<img fetchpriority="high" decoding="async" width="750" height="750" src="https://passioncatering.com.uy/wp-content/uploads/2023/11/somos2.png" class="attachment-large size-large wp-image-174" alt="" srcset="https://passioncatering.com.uy/wp-content/uploads/2023/11/somos2.png 750w, https://passioncatering.com.uy/wp-content/uploads/2023/11/somos2-300x300.png 300w, https://passioncatering.com.uy/wp-content/uploads/2023/11/somos2-150x150.png 150w" sizes="(max-width: 750px) 100vw, 750px" />															</div>
				</div>
				<div class="elementor-element elementor-element-7f2db23 elementor-align-center elementor-widget elementor-widget-button" data-id="7f2db23" data-element_type="widget" data-e-type="widget" data-widget_type="button.default">
				<div class="elementor-widget-container">
									<div class="elementor-button-wrapper">
					<a class="elementor-button elementor-button-link elementor-size-md" href="https://www.facebook.com/profile.php?id=100063805180592">
						<span class="elementor-button-content-wrapper">
									<span class="elementor-button-text">CONOCÉ LO QUE HACEMOS</span>
					</span>
					</a>
				</div>
								</div>
				</div>
				</div>
					</div>
				</div>
				</div>

<p>SOMOS&#8230; Dos enamorados de la gastronomía, desde diferentes ámbitos, los que nos resulta en una conjunción perfecta de creatividad, impulso y ambición por la excelencia en los eventos, sin importar el número de personas. Yo, soy Álvaro Martínez, Chef del Conrad, Boca Chica Puerto, News Café, Scarlett, Virazón, Centro de Convenciones de Punta del Este [&hellip;]</p>
